factors of v(k).
53
Let l = -4 + 7. Suppose -l*c = -7*c + 4. Suppose -z = -7 - c. List the prime factors of z.
2
Suppose 1 - 3 = -f. Suppose 2*d - u - 34 = u, -f*d = 5*u - 55. Suppose 6 - 26 = -2*a + 3*o, 4*o = -4*a + d. What are the prime factors of a?
7
Suppose -19 - 21 = -4*k. What are the prime factors of k?
2, 5
Let b(v) = v + 1. Let n(l) = 2*l + 3. Let o(c) = 5*b(c) - 2*n(c). Let a be o(-5). List the prime factors of 0/(-4) - (a - 0).
2, 3
Let l(q) = 4*q**2 - 5*q + 12. Let v be l(6). Suppose -2*b - b = -v. What are the prime factors of b?
2, 3, 7
Suppose -3*u + 2*m = -0*u - 64, 0 = -3*u + 3*m + 60. Suppose 5*v - 56 - u = 0. Suppose -3*r + 26 = -v. What are the prime factors of r?
2, 7
Let j(f) = f**2 - 15*f + 11. List the prime factors of j(15).
11
Suppose 7*b = 2*b - 30. Let w = -3 + 0. List the prime factors of w/2*8/b.
2
Suppose -80 = d + y - 370, -2*d = 4*y - 580. What are the prime factors of 4/(-22) + d/22?
13
Suppose 9*p - 6 = 6*p. Let v = 31 + -15. Suppose -p*t + 6*t = v. What are the prime factors of t?
2
Suppose -4*f = -7*f + 12. Let k be (4 - -23)*f/6. Let v = k - 1. What are the prime factors of v?
17
Let y(n) = 3*n**3 + n**2 - 1. Suppose 3*s + q = 6, 5*s - 5*q + 14 - 4 = 0. Let t be y(s). Suppose 0*o = -4*o - 4, -t*o + 1 = 2*c. List the prime factors of c.
2
Suppose -5*r + 3 + 22 = 0. Let b = r - 0. List the prime factors of b.
5
Suppose -t = -6*t - 5. Let d be -14*t/(0 - 1). What are the prime factors of (-4)/d - 246/(-21)?
2, 3
Let w be ((-264)/(-42))/11 + (-4)/7. Suppose -5*h + 15 = 5. Suppose w = h*p - p - 6. What are the prime factors of p?
2, 3
Let m be ((-4)/(-2) - 4) + 5. Suppose r - 20 = -m*r. Suppose 0 = t - r*t + 44. List the prime factors of t.
11
Let u = 6 - 10. Let w = -1 + u. Let a = w - -12. List the prime factors of a.
7
List the prime factors of 172 - 1 - 1/1.
2, 5, 17
Suppose 3*m + 3*j = 3, 2*j - 5 - 6 = -5*m. Suppose -m*o = o. Let l = 7 + o. What are the prime factors of l?
7
List the prime factors of (-2008)/(-48)*(0 + 6).
251
List the prime factors of -1 + 0 + 17/1.
2
What are the prime factors of (-1002)/(-21) + 4/14?
2, 3
Suppose 0 = 2*f - m + 1, 3 = 4*f - 2*m + m. Suppose 0*p + 2*t + 58 = f*p, -3*p + 2*t + 86 = 0. What are the prime factors of p?
2, 7
Let h = -21 - -11. What are the prime factors of h/15*72/(-2)?
2, 3
Let p = -16 - -25. Suppose -a - p = -4*a. Suppose 6*m = a*m + 21. What are the prime factors of m?
7
Suppose 0 = -2*z + 4*l - 16, 2*z - 5*l + 2 = 4*z. List the prime factors of 2/z - 36/(-8).
2
Suppose -4*d = -6*d + 2*i + 640, 3 = 3*i. What are the prime factors of d?
3, 107
List the prime factors of 44/2 - (0 - 1).
23
Let w(l) = -l**3 + 2*l**2 + 2*l - 2. Let p be w(2). Suppose -j - 20 = -p*z - 2*j, 20 = 3*z + 4*j. What are the prime factors of z?
2, 3
Suppose 5*p = 16 + 4. Let k(q) = 2*q + 4. Let y be k(p). Suppose 3*w + y = 3*x, -x = 3*x - 2*w - 16. List the prime factors of x.
2
Let t(k) = k**2 + 4*k - 21. What are the prime factors of t(6)?
3, 13
Let a(n) = -2*n + 5 - 5*n - 15 + n. What are the prime factors of a(-5)?
2, 5
Let b(f) = -f**2 - f + 4. Let h be b(-3). Let g = h + 14. Suppose 4 = -p + g. List the prime factors of p.
2
Suppose 5*g = 20, 0 = -0*s + 3*s - 2*g - 247. What are the prime factors of s?
5, 17
Let z = -19 + 13. Let c(q) = 3*q**2 - 2*q**2 - 6 + 0*q**2 - q + 5*q. What are the prime factors of c(z)?
2, 3
Let v(t) = -3 - 5*t + 7 - t**2 + 4. Let f be v(-7). Let o = 10 + f. What are the prime factors of o?
2
Let s = 46 - 18. List the prime factors of s.
2, 7
Let k(b) = -2*b**3 + 9*b**2 + 2*b + 6. Let v(n) = 5*n**3 - 26*n**2 - 6*n - 19. Let o(c) = 8*k(c) + 3*v(c). What are the prime factors of o(-6)?
3
Let m(s) = -s + 1. Let k(r) = -r. Let y(f) = 4*k(f) - 3*m(f). Let h be y(-6). Suppose -2*o = -h - 11. List the prime factors of o.
7
Suppose 5*f - 638 = -4*k, 2*f - 4*k + 7*k - 258 = 0. What are the prime factors of f?
2, 3, 7
Suppose 5*n = n + 152. What are the prime factors of n?
2, 19
Let z = -91 - -106. What are the prime factors of z?
3, 5
Suppose 6*y = -3*z + y + 98, 0 = 2*z - 3*y - 97. What are the prime factors of z?
41
Suppose -5*k - 3*l + 71 - 5 = 0, k - 2*l - 21 = 0. What are the prime factors of k?
3, 5
Let x be (-8)/(-12)*(124 + -1). List the prime factors of (-2)/5 + x/5.
2
Let i(b) = 5*b - 9. Let t(h) = 10*h - 19. Let n(w) = 13*i(w) - 6*t(w). Let c be n(4). Let y = -7 + c. What are the prime factors of y?
2, 5
Let j(p) = p - 5. Let n be j(5). Let s(c) = c + 6. List the prime factors of s(n).
2, 3
Suppose 2*q - 52 = -2*q. Let v = q + 24. What are the prime factors of v?
37
Let i = -75 - -127. What are the prime factors of i?
2, 13
Suppose 7*k = 2*k + 10. Suppose -j = -k*j + 35. Suppose -2*v = d - 17 - 12, 0 = -2*v - 3*d + j. What are the prime factors of v?
13
Suppose 2*y = -3*s + 366, -5*y + 3*s + 894 = -0*y. What are the prime factors of y?
2, 3, 5
Suppose i = -5*w + 4*i + 345, -3*i = -w + 81. Suppose -3*y = -0*y - w. What are the prime factors of y?
2, 11
Suppose -2*j + 4*f + 22 - 2 = 0, -3*j = 2*f - 30. Let u = j - -8. What are the prime factors of u?
2, 3
List the prime factors of (-2838)/(-11) + -4*(0 + 1).
2, 127
Let g = -8 + 13. Suppose -4*b = -2*b - 4, -g*f = 2*b - 14. Let h = f + 1. List the prime factors of h.
3
Suppose -2*d + 6*d - 624 = 0. Suppose -d = -a - 3*a. What are the prime factors of a?
3, 13
Let a(q) = -q + 13. Let z be a(7). Suppose -z*h + 2*h = -28. What are the prime factors of h?
7
Let a(o) be the third derivative of o**5/30 + o**4/3 + o**3/6 + 2*o**2. List the prime factors of a(-6).
5
Let j = 0 + -5. Let w = j - -11. List the prime factors of w.
2, 3
Suppose 7 + 41 = y. What are the prime factors of y?
2, 3
Suppose 0 = 5*v + 2*n - 148, -4*v - 4*n = -109 - 7. What are the prime factors of v?
2, 3, 5
Let o = 22 + -20. Suppose 5*h - 223 = 3*r, o*r + 2*r + 4 = 0. What are the prime factors of h?
2, 11
Suppose q = -2*u - 17 - 6, u + 15 = 3*q. Let f be -2 - u/2 - 1. Suppose -5*w = x + 4, -w + f*w = x - 10. List the prime factors of x.
2, 3
Suppose -4*y + q + 159 = 0, 3*y + 0*q = 2*q + 123. List the prime factors of y.
3, 13
Let o = 0 + -1. Let g(j) = j**3 - 2*j - 1. Let n be g(o). Suppose -i - 9 = -w - n, -2*i - 10 = 0. What are the prime factors of w?
2
Suppose -18 = -5*f + 2*j, -6*j - 16 = 2*f - j. Suppose -f*c = 3*c. Suppose c = -0*t - 2*t + 18. List the prime factors of t.
3
Let w(q) = 2*q - 13. Let z be w(9). Suppose 3*x + 4*s = 90, 0 = -z*x + 4*s - 5 + 155. What are the prime factors of x?
2, 3, 5
Suppose -4*o + 0*q + 20 = 2*q, 4*q = -4*o + 24. Suppose 0 = -2*y, 3*c + 5*y - o*y = 27. What are the prime factors of c?
3
Let z = -9 - -11. Suppose -3*a + 2*f = -62, z*f = -2*f - 16. List the prime factors of a.
2, 3
Let t be (-12)/5 - (-10)/25. Let u be t/(-4) - (-85)/10. Suppose 2*m - u = -m. What are the prime factors of m?
3
Suppose 5*y + 13 - 3 = 0. Let f be 8*(-1)/4*y. Suppose f*i - 60 = 2*w, -4*i = -i + 4*w - 23. List the prime factors of i.
13
Suppose -5*g + 9 + 46 = 0. Let r = 3 - g. List the prime factors of r/12*(-18)/1.
2, 3
Suppose 0 = -2*m - s + 4, 2*m + s = 2*s - 4. Let o(v) = -3*v**3 - 2*v**2 - v. Let w be o(-1). Suppose 0 = -w*j - m*j + 6. List the prime factors of j.
3
Let x be ((-4)/(-16))/((-1)/(-20)). Suppose 5*a = 145 - x. List the prime factors of a.
2, 7
Suppose 2*f = -5*l + 101, f + 5*l = 2*f - 28. Suppose 3*h = v + 15 - 4, -h = -v - 3. Suppose h*y - 5 = f. List the prime factors of y.
2, 3
Let s(y) = -4*y**3 - 4*y**2 + 5. Let x(c) = c**2 - 7*c + 8. Let b be x(5). List the prime factors of s(b).
3, 7
Suppose -651 + 131 = -8*k. What are the prime factors of k?
5, 13
Let t(h) = -h**2 - 11*h - 2. Suppose 3*u + 10 = 2*u. What are the prime factors of t(u)?
2
Suppose -345 = -2*q - l, -4*q + 8*q - 5*l - 725 = 0. List the prime factors of q.
5, 7
Let h(p) = -6*p**3 - 5*p**2 - 7*p - 6. Let x be h(-4). Let c be 6/(-21) + x/14. Suppose -2 = 3*w - 5*w, 4*d - w = c. What are the prime factors of d?
2, 3
Let z(r) = 42*r**3 + 2*r**2 - r - 1. List the prime factors of z(1).
2, 3, 7
Suppose 12 + 16 = -2*h. Let k = h + 70. List the prime factors of k.
2, 7
Suppose -l = -5*q - 28, 0*l + l - 2*q = 19. Suppose 2*m + l = 93. What are the prime factors of m?
2, 5
Let s(m) = m**2 + 5*m - 5. Let v be s(-6). Let q be -2*(15/(-6))/v